+ 5*u**2 + 3*u + 4. Suppose 57 = -3*s - 0*p - 4*p, 0 = s + 4*p + 27. Let c = s + 20. What is the units digit of q(c)?
9
What is the hundreds digit of (-450 - -1)/(1/(-3 - -2))?
4
Let m(u) = 3*u**2 - 31*u + 134. What is the units digit of m(18)?
8
Let c = 126 + -112. Suppose -c*w + 6*w = -560. What is the tens digit of w?
7
Let w = -27 + 34. Let y(m) = 5*m**2 - 14*m + 42. What is the tens digit of y(w)?
8
What is the units digit of 56/48*6*(1 - -58)?
3
Suppose -11 = n + 2*o, -3*n - o = -0*o + 43. What is the tens digit of 114*(-1 + n/(-10))?
5
Let f be (81/(-54))/((-2)/268). Suppose -479 - f = -8*a. What is the units digit of a?
5
Suppose 7 = u - 0. Suppose -18 = -u*v + 4*v. Suppose v*k = 3*k + 111. What is the units digit of k?
7
Suppose -4*a - a + 175 = -5*x, 5*a + 4*x = 193. Suppose a*s = 41*s - 176. What is the tens digit of s?
4
Let d = 1139 - 566. What is the tens digit of d?
7
Suppose 291 = 5*r + 3*g, -g - 5 = -2. Let w(a) = -a**3 - 4*a**2 + 6*a + 7. Let n be w(-5). Suppose -n*j = -7*j + r. What is the tens digit of j?
1
Let g(s) = 55*s - 143. What is the hundreds digit of g(33)?
6
Let y(u) = 4*u**2 + 9*u + 14. Let o be y(-5). Let t = o + 6. What is the units digit of t?
5
Let o = -1 + 4. Suppose -5*d + 6*d = o. Suppose 0 = -d*m + 10 + 113. What is the tens digit of m?
4
Let f be 1*16/12*(-15)/2. What is the units digit of (-686)/f - ((-231)/(-35) + -7)?
9
Suppose -4479 = -33*j + 18786. What is the hundreds digit of j?
7
Let b(z) = -2*z**2 - 26*z - 11. Let t be b(-13). Let i(c) = -5 - c - 5 - 3*c. What is the tens digit of i(t)?
3
Suppose 0 = 10*r - 72 + 32. What is the units digit of r?
4
Suppose 0 = -41*n + 36*n + 5220. What is the thousands digit of n?
1
Let s(x) = 750*x**2 + 4*x. What is the units digit of s(1)?
4
Let p(x) = -x**2 + 8*x + 6. Let r = 19 - 11. Let y be p(r). Suppose -115 = -y*j + j. What is the units digit of j?
3
Let s = -456 - -614. What is the units digit of s?
8
Let i be (10/5)/((-1)/(-2)). Suppose 0 = 9*d - 12*d + 36. Suppose n + 57 = i*o + 2*n, -n = o - d. What is the tens digit of o?
1
Let k = -37 + 20. Let g = k + 61. Suppose -2*l + 0*l - 5*q = -g, 5*l - q = 164. What is the tens digit of l?
3
Let m(z) be the first derivative of -z**4/4 - 4*z**3 - 25*z**2/2 - 6*z + 7. What is the units digit of m(-10)?
4
Let k = -11 - -14. Suppose 0 = -3*u + 5*p + 82, 0 = 5*u - k*p - 130 + 4. What is the units digit of u?
4
Let v be 3 - (-8 - -3 - -3*1). Suppose -239 = -5*z - 3*t, 6*z = 2*z - v*t + 186. What is the units digit of z?
9
Let h(p) = p**3 + 47*p**2 - 77*p + 175. What is the hundreds digit of h(-46)?
8
Let z(y) = y**2 - 2*y - 1. Let t be z(3). Suppose 4*u + 49 = 5*d, 26 = -u - 2*d + 6*d. Let a = t - u. What is the units digit of a?
8
Let h(i) = 2*i**3 - 2*i**2 - 4. Let t be (-13 - -14)/(1/5). What is the units digit of h(t)?
6
Suppose 0 = 22*n - 1086 - 14204. What is the tens digit of n?
9
Suppose -5*a = -2*f + 2749, -33*a - 4186 = -3*f - 38*a. What is the thousands digit of f?
1
What is the hundreds digit of 126/336 - (-2557)/8?
3
Let t(o) = -o**2 - 10*o - 2. Let i be t(-14). What is the units digit of 3*1 - (20/(-5) + i)?
5
Let o = 11 + -8. Suppose 0 = -5*h + o*q + 188, -2*q = -1 - 7. What is the tens digit of h?
4
Let j = -308 + 2374. What is the thousands digit of j?
2
Let p(r) be the third derivative of 11*r**6/120 - r**5/30 - r**4/8 + 5*r**3/6 + 5*r**2. What is the units digit of p(2)?
9
Suppose 4*c = 20, -5*c + 9*c = 3*v - 12319. What is the units digit of v?
3
Let w be 5/25 - 17*127/(-5). Suppose -6*c + 549 = 5*x - 8*c, 4*x = -2*c + w. What is the hundreds digit of x?
1
Suppose 0*j + 6 = -5*x + 4*j, 5*x = 5*j - 10. What is the hundreds digit of x/(-6)*-15*26?
1
Suppose 0 = -5*c - 7 - 48. Suppose -25 = -2*r + 3*p, -5*r + 110 = 3*p - p. Let w = c + r. What is the units digit of w?
9
Suppose -3*b - 2*c - 271 = -4*b, 1391 = 5*b - c. Let n be (b/6)/(12/(-16)). What is the units digit of (-12)/8 - n/4?
4
Let x = -69 + 105. What is the tens digit of x?
3
Let b(x) = 2*x**2 - 27*x - 691. What is the tens digit of b(36)?
2
Let a(k) = 10*k - 10. Let u(z) = 9*z - 9. Let t(s) = 5*a(s) - 6*u(s). Let c be t(-11). Suppose c = 3*m + 3*m. What is the units digit of m?
8
Let x be (-21)/14*(-30)/9. Suppose -x = -5*p, -51 = -2*j + p + 290. What is the hundreds digit of j?
1
Let a(r) be the third derivative of -r**5/60 + 5*r**4/6 - r**3 + 11*r**2. What is the units digit of a(17)?
5
Let t = 4 + -4. Let k(c) = 3*c**2 - 4*c - 1. Let l be k(3). Suppose -5*o = 4*s - 0*o - 54, t = s + o - l. What is the tens digit of s?
1
Suppose 0 = j - 3*j + 6. Suppose -4*h + 26 = 2*n, -3*n - j*h = -0*h - 27. Suppose d - n = 2. What is the units digit of d?
7
Let t(z) = z - 2. Let l be t(8). Let w be (-56)/12 - l/(-9). What is the units digit of (-5)/15*(w + 1)?
1
Let a(c) = -151*c + 68. What is the units digit of a(-6)?
4
Let l(r) = -21*r + 249 - 101 - 121 + r. What is the hundreds digit of l(-5)?
1
Let h(s) = s**2 + 29*s - 32. Let z be h(32). Suppose -z = 13*w - 19*w. What is the units digit of w?
0
Let g = 474 + 330. What is the hundreds digit of g?
8
Let u be (385/22)/(1 - (-2)/(-4)). Let l = u - -44. What is the tens digit of l?
7
Let z(u) = -u**2 - 11*u + 16. Suppose 4*y = -13 - 23. What is the tens digit of z(y)?
3
Let f = 11 + -7. Suppose -f*d - u - 13 = -38, d - 8 = -2*u. What is the units digit of 4/d + 49/3?
7
Let a(w) = 11*w + 155. What is the tens digit of a(-10)?
4
Let x = -218 + 242. What is the units digit of x?
4
Let h = 697 + 4184. What is the tens digit of h?
8
Suppose 3*r - 3*c + 7 - 1 = 0, -5*r - 3*c = 18. Let i(m) = -30*m + 13. What is the tens digit of i(r)?
0
Let l be 1/2 - (3578/(-4) - -1). Suppose -4*c - 94 = -l. What is the units digit of c?
0
Let h(n) = -3*n**2 + 20. Suppose 8 = -2*o + 12. Let d(c) = -4*c**2 + 20. Let s(q) = o*d(q) - 3*h(q). What is the units digit of s(9)?
1
Let y = 393 - -204. What is the units digit of y?
7
Suppose 10 + 100 = 5*o. Let v = 155 - o. What is the hundreds digit of v?
1
What is the units digit of -4*(-2)/(-4) + 367?
5
Let d(z) = z**2 - 6*z + 6. Let t be d(4). Let q = t - -25. What is the tens digit of q?
2
Suppose f + 4*f = -4*n + 300, 2*f = 3*n + 120. Suppose 3*t - f = 6*t. What is the units digit of (-8)/t*(142 + 3)?
8
Suppose -1 = j + 3*k - 718, -5*j + k = -3569. What is the hundreds digit of j?
7
Let z be (-3 - -16) + (-1 - 2). Let i = 47 - z. Suppose 0 = -2*r + 3*x - 0*x + 23, 3*r - i = 4*x. What is the units digit of r?
9
Let d be (-179)/(-3) + (-8)/(-24). Let a be d*4*(-6)/(-32). Suppose a = 5*j + 5*k, 0*j = -2*j + k + 3. What is the units digit of j?
4
Let b be (-62)/(-6) + 4/(-12). Let y = 5 + -6. What is the units digit of b/((-2)/(y + -3))?
0
Let n(k) = 3 + 2 + 3 - 7*k. Let j = -323 - -319. What is the units digit of n(j)?
6
Suppose 3*j = -3*l - 3 + 24, 30 = 2*j - 2*l. Let y = 11 - j. Suppose -2*p - s + 11 = y, 3*p - 2*s + 5*s - 18 = 0. What is the units digit of p?
5
Let i = -412 + 280. Let p = 194 + i. What is the tens digit of p?
6
Let v(z) = 25*z + 51. What is the tens digit of v(6)?
0
Let q(c) = c**3 + 5*c**2 - 2*c + 2. Let p be q(-5). Suppose -7*a = -p*a. Suppose a*d = -3*d + 129. What is the units digit of d?
3
Suppose 5*i - 2*i = -a - 17, 2*a - 2*i - 6 = 0. Let z be 2/a*-3 + -2. Suppose z = -5*m - 4*x - 0, -3*m + 3*x + 21 = 0. What is the units digit of m?
3
Suppose 0 = -8*m + 3*m + 160. Suppose -3*g - n + 0*n = -m, -4*g = -2*n - 26. Let r = g + 21. What is the tens digit of r?
3
Let b = 97 - 58. Suppose 57 + b = o. What is the units digit of o?
6
Suppose 0 = -5*u - 58 + 8. Let y(q) = -q**2 - 13*q - 15. Let v be y(u). What is the units digit of v + 7 + -1 + 4?
5
Let s(o) = 705*o**2 + 3*o + 2. Let r be s(-1). Suppose -r = -4*u - 40. What is the units digit of u?
6
Let n(h) = -2*h + 16. Let c be n(7). Suppose c*g - 158 = 4*x, 0 = -5*g - 3*x + 187 + 195. What is the units digit of g?
7
What is the units digit of 8/(-48) - 364/(-24)?
5
Let z(y) = y**2 + 11*y + 1. Let p = 20 + -16. Suppose -p*t - 66 = -14. What is the units digit of z(t)?
7
Suppose -5*v = 2*s + 23, -v + 0*v + 1 = -s. Let i be 2/2 + (-12)/s. Suppose -2*u + n + 71 = 2*u, i*u - 74 = -2*n. What is the units digit of u?
8
Let c = -1033 + 1042. What is the units digit of c?
9
Suppose -4545 = -18*q + 11043. What 